 2*v. Determine d(2).
4
Let x(p) = -19*p + 13. Determine x(-4).
89
Let c(f) = -f + 22. Determine c(-11).
33
Let v(n) = -2*n**3 - n**2 - 3*n + 1. Determine v(2).
-25
Let w(b) = 2*b**2 - 30*b + 11. Calculate w(15).
11
Let r(a) = -31*a**3 + a**2. Determine r(-1).
32
Let o(j) = j**2 + 8*j + 6. Calculate o(-4).
-10
Let d(o) = 5*o**2 - 18*o + 7. Give d(4).
15
Let v(p) = -p**3 - 3*p**2 + 3*p + 2. Calculate v(-2).
-8
Let u(q) = q**2 - 20*q - 17. Give u(21).
4
Let i(k) = -8*k + 1. What is i(-2)?
17
Let u(y) = -y - 4. Give u(-2).
-2
Let h(i) = i**3 + 5*i**2 - 4*i - 4. Determine h(-6).
-16
Let o(h) = h**3 + 6*h**2 + 5*h - 2. What is o(-3)?
10
Let y(x) = 15*x**3 - 2*x - 1. What is y(-1)?
-14
Let c(x) = -x**3 + 3*x**2 - 4*x + 9. What is c(0)?
9
Let x(p) = p**2 - 18*p - 41. Give x(20).
-1
Let b(c) = 10*c + 55. Give b(-8).
-25
Let g(t) = -t**2 - 13*t + 33. What is g(-10)?
63
Let a(h) = -h**3 - 17*h**2 + 3*h + 9. Determine a(-17).
-42
Let o(x) = -3*x + 180. Calculate o(62).
-6
Let i(w) = w**3 - 9*w**2 + 6*w + 10. Give i(8).
-6
Let c(o) = 6*o + 291. Determine c(-51).
-15
Let o(a) = -a**3 - 6*a**2 - 4*a - 1. Determine o(-6).
23
Let p(x) = -x**2 - 14*x + 7. Determine p(-14).
7
Let c(v) = -v**2 - 6*v + 14. What is c(6)?
-58
Let i(j) = j**3 - 6*j**2 - 3*j + 11. Give i(7).
39
Let u(c) = c + 3. Give u(-11).
-8
Let v(k) = k**2 + 8*k + 12. What is v(-3)?
-3
Let t(h) = h**3 + 15*h**2 + 35*h - 11. Determine t(-12).
1
Let z(c) = 4*c**2 + 3*c - 7. Calculate z(-3).
20
Let d(s) = -78*s - 544. Determine d(-7).
2
Let c(s) = 3*s + 2. Calculate c(11).
35
Let i(c) = -c**3 - 7*c**2 + 43*c - 25. Determine i(-11).
-14
Let p(x) = -7*x + 186. Give p(23).
25
Let f(o) = -o**2 - 2*o - 2. What is f(-7)?
-37
Let g(v) = 6*v - 119. What is g(18)?
-11
Let l(m) = m**3 - 13*m**2 - 13*m + 4. Give l(14).
18
Let n(f) = -2*f**2 - 3*f + 4. Give n(-5).
-31
Let v(j) = 3*j + 3. Give v(-5).
-12
Let f(v) = v**2 + 19*v + 86. Calculate f(-6).
8
Let g(d) = -d**3 + 12*d**2 - 13*d - 5. Give g(11).
-27
Let z(i) = 27*i - 79. Give z(4).
29
Let r(p) = -p**3 + 13*p**2 - 13*p + 20. Determine r(12).
8
Let a(b) = b**2 + 8*b - 5. Determine a(-10).
15
Let f(u) = 2*u**2 - 5*u - 6. Give f(6).
36
Let h(a) = a**3 + 13*a**2 + a + 16. Determine h(-13).
3
Let o(h) = 3*h**3 + 3*h**2. Give o(-2).
-12
Let x(v) = v**3 - 10*v**2 + v - 2. Determine x(10).
8
Let i(j) = j**3 + 7*j**2 + 6. Give i(-7).
6
Let r(f) = 20*f**2 - 4*f - 2. Give r(-1).
22
Let l(y) = y + 15. Give l(9).
24
Let h(s) = -s**3 + 5*s**2 - 4*s + 7. Determine h(4).
7
Let m(z) = -2*z - 11. Give m(8).
-27
Let q(w) = 2*w - 9. Give q(-6).
-21
Let z(y) = 11*y - 48. Give z(5).
7
Let h(v) = -v**2 - 7*v + 8. Calculate h(-8).
0
Let x(b) = 6*b**2 + 21*b + 4. Calculate x(-6).
94
Let x(m) = -m**2 - 21*m + 311. Determine x(10).
1
Let t(k) = -k**2 - 32*k - 144. Calculate t(-29).
-57
Let u(g) = 3*g**2 - g + 4. Calculate u(2).
14
Let v(c) = -c - 36. Calculate v(-12).
-24
Let v(a) = 4*a**2 - 16*a + 8. What is v(4)?
8
Let w(x) = 2*x + 17. What is w(0)?
17
Let q(f) = -f + 15. What is q(-16)?
31
Let n(o) = o**3 + 3*o**2 - 42*o + 12. What is n(5)?
2
Let w(p) = -9*p**3 - p**2 - p + 1. Calculate w(1).
-10
Let a(q) = 20*q + 84. Give a(-6).
-36
Let o(p) = 2*p**3 + 20*p**2 + 23*p + 19. Give o(-9).
-26
Let j(b) = -26*b**2 - 4*b - 2. Determine j(-2).
-98
Let p(o) = o**2 + 37*o + 317. Give p(-22).
-13
Let k(z) = 7*z + 65. Give k(-8).
9
Let o(l) = -21*l**2 + 294*l - 19. What is o(14)?
-19
Let l(j) = 2*j**2 - 2*j + 7. What is l(-3)?
31
Let q(i) = 4*i**2 - 4. Determine q(-2).
12
Let a(h) = 2*h**2 + 18*h + 49. What is a(-3)?
13
Let z(p) = -p**3 + 12*p**2 + 21*p - 14. What is z(13)?
90
Let a(m) = -4*m - 22. Give a(8).
-54
Let n(z) = -z**2 + 49*z + 365. Determine n(-6).
35
Let p(x) = x**2 - 35*x + 58. Determine p(33).
-8
Let f(u) = 4*u**2 - 51*u - 16. Determine f(13).
-3
Let b(t) = -t**2 - 2*t - 11. What is b(0)?
-11
Let g(j) = -j**3 + 6*j**2 - 2*j. What is g(3)?
21
Let t(z) = 5*z + 7. Give t(-7).
-28
Let f(p) = -p**3 + 7*p**2 - 2*p - 9. Give f(6).
15
Let z(i) = 4*i**2 - 7*i - 16. Determine z(-2).
14
Let f(p) = 8*p + 10. Determine f(-2).
-6
Let h(j) = 34*j + 307. Give h(-9).
1
Let s(m) = -16*m - 81. What is s(-8)?
47
Let r(t) = -2*t**3 - 3*t - 3. Give r(0).
-3
Let b(c) = -6*c + 266. Calculate b(34).
62
Let n(j) = -j**2 + 3*j. Calculate n(-3).
-18
Let r(k) = k + 13. Determine r(-8).
5
Let g(s) = -s**2 + 12*s + 18. Give g(14).
-10
Let j(u) = -u**2 - 10*u - 6. What is j(-8)?
10
Let s(m) = 3*m + 30. Determine s(-10).
0
Let n(o) = 36*o**3 + 2*o**2 + o - 2. Give n(1).
37
Let y(u) = 12*u - 3. What is y(-4)?
-51
Let o(i) = 33*i + 1. What is o(-1)?
-32
Let f(u) = -2*u - 36. What is f(-15)?
-6
Let u(m) = -m**3 + 4*m**2 + 6*m + 4. What is u(5)?
9
Let z(g) = -g**3 - 3*g**2 - 2*g - 3. Calculate z(-4).
21
Let s(g) = g**2 + 5*g. Calculate s(-9).
36
Let j(x) = x**2 + 18. Determine j(0).
18
Let p(f) = -f - 21. What is p(-6)?
-15
Let m(h) = -22*h - 126. What is m(-6)?
6
Let x(m) = 2*m**2 + 7*m + 5. Calculate x(-2).
-1
Let w(m) = m**2 - 37*m + 31. Calculate w(36).
-5
Let m(r) = 8*r - 45. Determine m(7).
11
Let l(q) = -4*q + 1. What is l(-5)?
21
Let q(j) = 27*j + 402. Determine q(-15).
-3
Let m(n) = n**3 + 58*n**2 + n + 59. Determine m(-58).
1
Let o(c) = 6*c**2 - 4*c. Determine o(2).
16
Let n(r) = 4*r - 53. Determine n(24).
43
Let q(i) = i**3 - 18*i**2 + 27*i + 59. Determine q(16).
-21
Let l(d) = -2*d**2 + 23*d - 3. Calculate l(11).
8
Let z(a) = -a**3 + 8*a**2 - 14*a + 4. Determine z(5).
9
Let u(z) = 4*z**3 + 254*z**2 - 129*z - 65. Give u(-64).
-1
Let g(x) = -x**3 + 31*x**2 - 55*x - 70. Give g(29).
17
Let t(g) = -12*g - 4. Determine t(5).
-64
Let i(z) = z**2 - 18*z - 37. Calculate i(20).
3
Let z(g) = -g**3 - 13*g**2 - 15*g + 19. Give z(-12).
55
Let p(j) = j**2 - j + 1. Give p(6).
31
Let q(f) = 5*f**3 - f**2 + f - 2. Determine q(1).
3
Let y(a) = 11*a**2 + 3*a. Calculate y(-3).
90
Let p(d) = -d**3 + 12*d**2 - 28*d. Calculate p(9).
-9
Let b(f) = -3*f**2 - 11*f - 9. Calculate b(-4).
-13
Let f(b) = -b**2 + 3*b + 23. Determine f(-6).
-31
Let a(g) = 6*g**2 - 70*g - 20. What is a(12)?
4
Let c(s) = 7*s**2 + 76*s - 10. What is c(-11)?
1
Let b(p) = -2*p**2 - 7*p - 2. What is b(-5)?
-17
Let h(i) = -i**3 + 19*i - 21. Give h(4).
-9
Let q(x) = -x**3 - 11*x**2 - 10*x - 6. Calculate q(-10).
-6
Let s(a) = -7*a**3 + 3*a**2 + 7*a - 9. Calculate s(1).
-6
Let r(b) = 23*b. Determine r(-1).
-23
Let q(x) = 2*x**3 - 31*x**2 + 17*x - 27. Determine q(15).
3
Let j(r) = 2*r + 24. Give j(-14).
-4
Let n(m) = m**3 - 6*m**2 + m + 2. Determine n(5).
-18
Let s(w) = -w**2 - 36*w - 34. Give s(-35).
1
Let a(w) = w**2 - 6*w + 3. Give a(3).
-6
Let n(f) = -f**2 - 10*f + 5. Calculate n(0).
5
Let d(q) = -5*q**3 - q. Calculate d(-2).
42
Let j(x) = -x**3 - 9*x**2 + 2*x - 40. Calculate j(-9).
-58
Let v(s) = s + 20. What is v(-11)?
9
Let q(f) = f**2 - 12*f + 15. Give q(8).
-17
Let r(x) = x**3 - 5*x**2 - 10*x + 1. Determine r(6).
-23
Let d(l) = l**2 + 6*l - 1. What is d(-8)?
15
Let u(v) = -v**3 + 15*v**2 + 33*v + 10. Determine u(17).
-7
Let a(h) = -22*h + 62. Calculate a(3).
-4
Let x(s) = 7*s + 1. Calculate x(3).
22
Let u(d) = d**3 - 10*d**2 - 10*d + 9. What is u(11)?
20
Let h(r) = r**2 + 10*r + 1. What is h(-9)?
-8
Let r(i) = -i**3 + 4*i**2 + 6*i - 5. Determine r(5).
0
Let w(i) = i**3 + 23*i**2 - 23*i + 30. Determine w(-24).
6
Let k(d) = -d**3 - 10*d**2 - d - 2. Give k(-10).
8
Let c(x) = x**2 - 12*x + 35. What is c(9)?
8
Let o(v) = v**2 + 6*v + 1. Determine o(-3).
-8
Let y(p) = 22*p - 789. Calculate y(36).
3
Let d(f) = -8*f**3 + 50*f**2 - 13*f - 3. What is d(6)?
-9
Let p(d) = -d**3 + 3*d**2 + d + 6. Determine p(4).
-6
Let r(l) = 5*l + 80. What is r(-30)?
-70
Let g(m) = m**3 + 6*m**2 + 13*m - 5. Calculate g(-6).
-83
Let u(i) = -i**2 - 5*i + 14. Calculate u(-7).
0
Let m(v) = -v**3 + 6*v**2 + 3*v + 24. What is m(7)?
-4
Let v(q) = -4*q**2 - 13*q + 6. Determine v(-3).
9
Let j(t) = 2*t**2 + 19*t - 27. Give j(-11).
6
Let j(z) = 8*z + 2. Calculate j(1).
10
Let x(j) = -j**3 - 2*j**2 + j + 2. Give x(-3).
8
Let a(c) = -c**2 + 3*c - 1. Calculate a(1).
1
Let n(y) = y + 10. Give n(-8).
2
Let n(r) = -r + 12. Give n(27).
-15
Let u(r) = r**2 - 6*r + 5. What is u(1)?
0
Let z(h) = -h**3 - 3*h**2 - h + 5. Calculate z(3).
-52
Let q(g) = -g**3 - 2*g**2 - 3*g - 4. What is q(3)?
-58
Let